 = -2*w, 10*w - c - 244 = 7*w. Calculate the highest common factor of 2268 and w.
81
Suppose -11*g = -651 - 834. Suppose -m = -5*m + 200. Suppose 4*h = 3*p - 8*p + 70, -4*h + m = -5*p. Calculate the greatest common factor of g and h.
15
Let a be (-18900)/(-81) + 2/3. Calculate the highest common factor of 26 and a.
26
Let u = 484 - 292. What is the greatest common divisor of u and 8?
8
Suppose 5*r - 186 = h, 3*r - 5*h = -r + 153. Let s = 85 - r. Calculate the greatest common factor of s and 12.
12
Let b(d) = -1 + 4 + 11*d - 5*d - 15. Let i be b(7). Suppose 10 + i = 5*j. Calculate the highest common factor of j and 4.
4
Let n be (5/3)/((-3)/9). Let o be 17 + 2 + n/5. Calculate the greatest common divisor of o and 9.
9
Let t = -14 + 10. Let c be -8*t/(-8)*1. Let k be (-24)/(-18) - c/6. Calculate the greatest common factor of k and 3.
1
Suppose w + 188 = 7*x - 4*x, -310 = -5*x + w. Let n = x - -11. Suppose -3 = 3*a, 3*a = 5*c + a - n. Calculate the greatest common divisor of 21 and c.
7
Let t = -77 - -104. Let g be (4 - t/6)*-10. What is the greatest common divisor of 3 and g?
1
Suppose 0 = -32*r + 33*r - 92. What is the greatest common factor of 23 and r?
23
Let h be (6/5)/((-9)/1320*-8). Let x = 7 - -26. Calculate the greatest common divisor of x and h.
11
Let t(b) = 24*b - 98. Let p be t(5). Let w be (495/(-12))/(2/(-8)). Suppose 0 = 3*g + 2*g - w. What is the greatest common divisor of g and p?
11
Suppose -2*g - 3*g - j - 471 = 0, -5*j - 265 = 3*g. Let c = g - -115. What is the greatest common divisor of 50 and c?
10
Let s(b) = -b**3 - 18*b**2 - 20*b + 7. Let p be s(-17). Calculate the greatest common divisor of p and 58.
58
Suppose 710 = 4*t - 3*d + 210, -3*t - d + 375 = 0. Calculate the greatest common divisor of t and 50.
25
Let d = -418 + 429. Calculate the greatest common factor of 891 and d.
11
Suppose 149*c - 150*c = -27. Suppose 0 = 7*y + c - 41. Calculate the highest common factor of y and 1.
1
Let z be (-2)/(-3)*(1 - -2). Suppose t = 3*c - 117, -z*t = -5*c + t + 195. What is the greatest common factor of 26 and c?
13
Let l(y) = -7*y + 145. Let k be l(10). What is the highest common divisor of 275 and k?
25
Let h be (-208 - 2)/(3/(-2)). Let f = 71 + -43. What is the greatest common divisor of f and h?
28
Suppose -4*g = p - 148, -p + 16 = 3*p. Calculate the highest common divisor of g and 468.
36
Let k = 95 + -84. Suppose 284 + 134 = k*h. Let i(z) = -3*z**3 + z**2 - z + 2. Let a be i(-3). Calculate the highest common factor of h and a.
19
Let x be (-15)/((-3)/12*2). Suppose 5*q + 186 = -39. Let f be (4/((-8)/(-3)))/(q/(-150)). Calculate the greatest common factor of f and x.
5
Suppose -d + 5*d - 611 = 5*i, 0 = -2*i - 6. Let t be (-2)/(-4)*(d - -31). What is the highest common factor of t and 60?
30
Suppose -294 = -44*o + 850. Calculate the highest common factor of o and 962.
26
Suppose 3*v = -2*h + 50, h - 26 = -6*v + 5*v. Calculate the greatest common divisor of 8 and h.
4
Let q be (3 - (0 + 1)) + 2. Let c be q*(9/(-4))/(-3). Suppose -2*a + c*a = 16. Calculate the greatest common divisor of 128 and a.
16
Let h = 948 + 6. Calculate the highest common divisor of h and 53.
53
Let l be 15*(2 - (-24)/(-10)). Let s(r) = -r**3 - 5*r**2 - 4. Let c be s(l). Suppose 5*x + 2 = 42. What is the highest common factor of c and x?
8
Let x = 88 + -40. Let h = 22 + -49. Let d = -21 - h. What is the greatest common factor of x and d?
6
Let s = -439 - -455. Suppose i + 2*i = 48. Calculate the greatest common divisor of i and s.
16
Let v(y) = 3*y**2 - 4*y - 3. Let n be v(-1). Let p be (-1)/((-5 - -1)/n). What is the highest common factor of 11 and p?
1
Let u be (-8)/(-24) - (-278)/3. Let m = 138 - u. Suppose 0 = -9*q + 6*q + m. What is the highest common divisor of 3 and q?
3
Let x be (1 - 10/(-5))*(-350)/(-30). What is the highest common divisor of x and 231?
7
Let p(t) = -t - 4. Let q be p(-6). Suppose 3*m = -q*m + 480. Suppose 0 = 38*v - 42*v + 48. What is the highest common factor of m and v?
12
Suppose 61*h + 238 = 68*h. Calculate the greatest common factor of 289 and h.
17
Suppose 5*f - 3*y - 10 = 0, -5*f + 4*f + 2*y + 2 = 0. Suppose 0 = -c + 6*c - 4*n - 266, f*n - 92 = -2*c. Calculate the highest common factor of 10 and c.
10
Suppose 0 = -0*t - 4*t + 8. Suppose -30 = -t*s - 4*s. Suppose -s = 6*m - 35. Calculate the highest common factor of m and 55.
5
Let k be (6/4)/((-2)/12). Suppose -37 = -z - 3*q, 5*z + 6*q + 36 - 239 = 0. Let l = z - k. Calculate the greatest common factor of l and 78.
26
Let m = 239 - 233. Calculate the highest common divisor of m and 102.
6
Let l be (-5)/(-60)*-3*4*-113. Suppose 3*y = 4*t + l, y + 3*t = t + 31. Calculate the greatest common factor of 105 and y.
35
Let z = 236 + -216. Calculate the highest common factor of 5 and z.
5
Let h(v) = -413*v**3 - 2*v**2 + 2. Let o be h(-1). What is the greatest common factor of 59 and o?
59
Suppose 0 = -3*y - k + 780, 795 = 3*y + k - 5*k. Let b be 114/855 - 403/(-15). Let t be y/b - (-2)/6. What is the highest common factor of 15 and t?
5
Let t = -3 - -3. Suppose -6*d + 8*d = 6. Suppose 4*b - 2*n = 14, -d*b - 4*n = -t*n - 38. Calculate the highest common factor of b and 24.
6
Let x(s) = 2*s**3 + s**2 + s - 3. Let r be x(2). What is the highest common factor of 76 and r?
19
Let w(q) = -34*q - 416. Let u be w(-13). Calculate the highest common divisor of u and 65.
13
Let t = -260 + 276. Calculate the highest common divisor of 784 and t.
16
Let j be (963/27 - -5) + (-8)/12. Suppose 3*s = 5*b + 82, 2*s - 63 = -2*b - 19. What is the greatest common factor of s and j?
8
Let s = 680 - 659. Calculate the highest common divisor of s and 48.
3
Suppose -4197 + 4251 = 3*d. Calculate the highest common divisor of 207 and d.
9
Let y = -87 + 111. Calculate the greatest common factor of y and 9.
3
Suppose 11*w - 507 = -67. What is the highest common divisor of w and 360?
40
Let i be (0 - 12)*(-36)/48. What is the highest common factor of i and 99?
9
Let q = -101 + 157. Let k = 127 + -57. Calculate the highest common divisor of k and q.
14
Suppose -18*b - 14 = -25*b. Let z(p) = p**2 - 3*p + 1. Let g be z(3). What is the greatest common divisor of b and g?
1
Let j(g) = -g**2 + 8*g + 8. Let v be (-2)/7 - (-132)/21. Let p be j(v). Calculate the greatest common divisor of 50 and p.
10
Let p = -627 + 641. What is the greatest common divisor of 2044 and p?
14
Let h(f) = -f**2 + 17*f + 24. Let u be h(17). Calculate the highest common factor of 384 and u.
24
Suppose 3*t = 3*r - 5*r + 54, 4*t = -5*r + 121. Let k be (-1 + (-9)/6)/(39/18 + -3). Calculate the greatest common divisor of k and r.
3
Let q(f) = f**2 + 24*f + 31. Let m be q(-25). Calculate the greatest common factor of 140 and m.
28
Let k = 49 + 31. Let b = 32 - 0. Calculate the greatest common divisor of b and k.
16
Let i(o) = o**3 + 2*o**2 - 6*o + 7. Let a be i(2). Calculate the highest common factor of a and 44.
11
Let g(r) = r**3 - 28*r**2 + 65*r - 57. Let k be g(27). What is the greatest common divisor of 171 and k?
57
Let b be (2/(-1))/((-2)/19). Let n = -111 + 61. Let f = n - -202. Calculate the greatest common divisor of b and f.
19
Let l be (-632)/(-20) + (-3)/5. Suppose 0 = 4*v - 2*q - 90, 0 = -5*v - 4*q + l + 114. What is the greatest common divisor of v and 5?
5
Suppose 572 = -0*n + 4*n. Let w = -52 - -46. Let s be (2/(8/12))/(w/(-26)). What is the greatest common factor of n and s?
13
Let j be 67 - 50 - (2 - 1). Let l = 109 - 50. Suppose b - 2 - 18 = 4*x, -4*b - 5*x = -l. What is the greatest common factor of j and b?
16
Let s(c) = c**2 + 6*c - 12. Let f(q) = -q**2 + 12*q - 28. Let o be f(8). Let z be s(o). What is the highest common divisor of z and 70?
14
Let d = 690 + -646. What is the greatest common divisor of 308 and d?
44
Let o(h) be the second derivative of -h**4/12 - 7*h**3/2 - 23*h**2/2 - 4*h. Let s be o(-19). What is the highest common divisor of 75 and s?
15
Let t(p) = -2*p - 20*p**2 + 11*p**2 + 11*p**2 + 95*p**3. Let a be t(1). Calculate the greatest common factor of 19 and a.
19
Let l = 319 + -317. What is the greatest common factor of l and 26?
2
Let n be (-12)/(-42) + 6 + 2044/49. Calculate the greatest common divisor of 768 and n.
48
Let s(g) = g + 16. Suppose 2*a = -4*o - a + 5, 3*a = 2*o - 25. Let k be s(o). Calc